{"id":1749,"date":"2026-02-25T10:33:08","date_gmt":"2026-02-25T09:33:08","guid":{"rendered":"https:\/\/poolsparadise.fr\/?post_type=product&#038;p=1749"},"modified":"2026-02-25T10:35:40","modified_gmt":"2026-02-25T09:35:40","slug":"aquachek-jaune","status":"publish","type":"product","link":"https:\/\/poolsparadise.fr\/?product=aquachek-jaune","title":{"rendered":"Aquachek jaune"},"content":{"rendered":"<p><strong>MODE D\u2019EMPLOI \/ ANALYSE<\/strong><\/p>\n<p><strong>Application :<\/strong><\/p>\n<ul>\n<li>Tremper une bandelette dans l&rsquo;eau de la piscine et la retirer imm\u00e9diatement.<\/li>\n<li>Maintenir la bandelette \u00e0 l&rsquo;horizontale pendant 15 secondes (ne pas secouer l&rsquo;exc\u00e8s d&rsquo;eau).<\/li>\n<li>Comparer les couleurs de la bandelette avec le nuancier situ\u00e9 sur l&rsquo;\u00e9tiquette du flacon.<\/li>\n<\/ul>\n<p>&nbsp;<\/p>\n<div><\/div>\n<div class=\"highlight\"><strong>CONSEIL :<\/strong> Pour une pr\u00e9cision optimale, effectuez le test au moins deux fois par semaine. Conservez le flacon dans un endroit frais et sec, et assurez-vous de bien le refermer apr\u00e8s chaque usage.<\/div>\n<p>&nbsp;<\/p>\n<p><strong>PARAM\u00c8TRES ANALYS\u00c9S<\/strong><\/p>\n<div class=\"check-list\">\n<div class=\"check-item\">CHLORE LIBRE<\/div>\n<div class=\"check-item\">pH<\/div>\n<div class=\"check-item\">ALCALINIT\u00c9 TOTALE (TAC)<\/div>\n<div class=\"check-item\">STABILISANT (Acide Cyanurique)<\/div>\n<\/div>\n<p>&nbsp;<\/p>\n<p><strong>CONDITIONNEMENT<\/strong><\/p>\n<ul>\n<li>Flacon de 50 bandelettes<\/li>\n<li>Colisage : Se r\u00e9f\u00e9rer au conditionnement par carton selon r\u00e9f\u00e9rence.<\/li>\n<\/ul>\n<p>&nbsp;<\/p>\n<p><strong>S\u00c9CURIT\u00c9<\/strong><\/p>\n<p>Avant toute utilisation, lisez l\u2019\u00e9tiquette et les informations concernant le produit.<\/p>\n<p>D\u00e9pos\u00e9 au <strong>centre antipoison de Toulouse<\/strong> T\u00e9l : <strong>05.61.49.33.33<\/strong><\/p>\n<div class=\"warning-box\">\n<p class=\"danger-mention\">Mention d\u2019avertissement : DANGER !<\/p>\n<p><strong>Mentions de danger :<\/strong><br \/>\nPeut aggraver un incendie ; comburant. Nocif en cas d\u2019ingestion. Provoque une s\u00e9v\u00e8re irritation des yeux. Peut irriter les voies respiratoires. Tr\u00e8s toxique pour les organismes aquatiques, entra\u00eene des effets n\u00e9fastes \u00e0 long terme. Au contact d\u2019un acide, d\u00e9gage un gaz toxique.<\/p>\n<p><strong>Conseils de prudence :<\/strong><br \/>\nTenir hors de port\u00e9e des enfants. Tenir\/stocker \u00e0 l\u2019\u00e9cart des v\u00eatements\/mati\u00e8res combustibles. \u00c9viter de respirer les poussi\u00e8res\/fum\u00e9es\/gaz\/brouillards\/vapeurs\/a\u00e9rosols. \u00c9viter le rejet dans l\u2019environnement. Porter des gants de protection et un \u00e9quipement de protection des yeux.<\/p>\n<\/div>\n<p><span class=\"urgent\">EN CAS D\u2019INGESTION :<\/span> appeler un CENTRE ANTIPOISON ou un m\u00e9decin en cas de malaise.<br \/>\n<span class=\"urgent\">EN CAS D\u2019INHALATION :<\/span> transporter la victime \u00e0 l\u2019ext\u00e9rieur et la maintenir au repos dans une position o\u00f9 elle peut confortablement respirer.<br \/>\n<span class=\"urgent\">EN CAS DE CONTACT AVEC LES YEUX :<\/span> rincer avec pr\u00e9caution \u00e0 l\u2019eau pendant plusieurs minutes. Enlever les lentilles de contact si la victime en porte et si elles peuvent \u00eatre facilement enlev\u00e9es. Continuer \u00e0 rincer.<\/p>\n<p><strong>Pour le grand public :<\/strong> \u00c9liminer l\u2019emballage vide et\/ou les produits non utilis\u00e9s conform\u00e9ment aux prescriptions du r\u00e8glement municipal d\u2019\u00e9limination de ces d\u00e9chets, par exemple par apport en d\u00e9chetterie.<\/p>\n<p><strong>ATTENTION !<\/strong> Ne pas mettre en contact avec d\u2019autres produits, des gaz dangereux (chlore) peuvent se lib\u00e9rer.<\/p>\n<p><em>Produit homologu\u00e9 par le minist\u00e8re de la sant\u00e9 pour l\u2019ajustement de l\u2019\u00e9quilibre des eaux des piscines publiques.<\/em><\/p>\n<p><a style=\"display: inline-block; font-family: 'Montserrat', sans-serif; color: #1c4389; text-decoration: none; font-weight: bold; border: 2px solid #1c4389; padding: 10px 20px; border-radius: 5px;\" href=\"https:\/\/poolsparadise.fr\/?page_id=240\">DEMANDEZ UN PRIX<\/a><\/p>\n","protected":false},"excerpt":{"rendered":"<p><strong><em>Produit homologu\u00e9 par le minist\u00e8re de la sant\u00e9 pour l\u2019ajustement de l\u2019\u00e9quilibre des eaux des piscines publiques.<\/em><\/strong><\/p>\n<p><strong>CARACT\u00c9RISTIQUES<\/strong><\/p>\n<ul class=\"feature-list\">\n<li class=\"feature-item\"><strong>Analyse 4-en-1 :<\/strong> Mesure simultan\u00e9ment le Chlore libre, le pH, l&rsquo;Alcalinit\u00e9 totale (TAC) et le Stabilisant (Acide Cyanurique).<\/li>\n<li class=\"feature-item\"><strong>Rapidit\u00e9 :<\/strong> R\u00e9sultats fiables obtenus en seulement 15 secondes.<\/li>\n<li class=\"feature-item\"><strong>Pr\u00e9cision :<\/strong> Nuancier haute d\u00e9finition sur le flacon pour une lecture simplifi\u00e9e des couleurs.<\/li>\n<li class=\"feature-item\"><strong>Qualit\u00e9 Aquacheck :<\/strong> La marque de r\u00e9f\u00e9rence mondiale pour l&rsquo;analyse de l&rsquo;eau des piscines et spas.<\/li>\n<\/ul>\n<p>&nbsp;<\/p>\n<div class=\"benefit-box\"><strong>Pourquoi utiliser l&rsquo;Aquacheck Jaune ?<\/strong><br \/>\nUn test r\u00e9gulier permet de maintenir l&rsquo;\u00e9quilibre de l&rsquo;eau, d&rsquo;optimiser l&rsquo;efficacit\u00e9 des produits de traitement et d&rsquo;assurer un confort de baignade optimal en \u00e9vitant l&rsquo;irritation des yeux et de la peau.<\/div>\n<div><\/div>\n<p>&nbsp;<\/p>\n<p><a style=\"display: inline-block; font-family: 'Montserrat', sans-serif; color: #1c4389; text-decoration: none; font-weight: bold; border: 2px solid #1c4389; padding: 10px 20px; border-radius: 5px;\" href=\"https:\/\/poolsparadise.fr\/?page_id=240\">DEMANDEZ UN PRIX<\/a><\/p>\n","protected":false},"featured_media":1750,"comment_status":"closed","ping_status":"closed","template":"","meta":[],"product_brand":[],"product_cat":[25],"product_tag":[],"class_list":{"0":"post-1749","1":"product","2":"type-product","3":"status-publish","4":"has-post-thumbnail","6":"product_cat-produits-danalyse-piscine","8":"first","9":"instock","10":"shipping-taxable","11":"product-type-simple"},"yoast_head":"<!-- This site is optimized with the Yoast SEO plugin v26.8 - https:\/\/yoast.com\/product\/yoast-seo-wordpress\/ -->\n<title>Aquachek jaune - Pools Paradise<\/title>\n<meta name=\"robots\" content=\"index, follow, max-snippet:-1, max-image-preview:large, max-video-preview:-1\" \/>\n<link rel=\"canonical\" href=\"https:\/\/poolsparadise.fr\/?product=aquachek-jaune\" \/>\n<meta property=\"og:locale\" content=\"fr_FR\" \/>\n<meta property=\"og:type\" content=\"article\" \/>\n<meta property=\"og:title\" content=\"Aquachek jaune - Pools Paradise\" \/>\n<meta property=\"og:description\" content=\"Produit homologu\u00e9 par le minist\u00e8re de la sant\u00e9 pour l\u2019ajustement de l\u2019\u00e9quilibre des eaux des piscines publiques.  CARACT\u00c9RISTIQUES   Analyse 4-en-1 : Mesure simultan\u00e9ment le Chlore libre, le pH, l&#039;Alcalinit\u00e9 totale (TAC) et le Stabilisant (Acide Cyanurique).  Rapidit\u00e9 : R\u00e9sultats fiables obtenus en seulement 15 secondes.  Pr\u00e9cision : Nuancier haute d\u00e9finition sur le flacon pour une lecture simplifi\u00e9e des couleurs.  Qualit\u00e9 Aquacheck : La marque de r\u00e9f\u00e9rence mondiale pour l&#039;analyse de l&#039;eau des piscines et spas.  &nbsp; Pourquoi utiliser l&#039;Aquacheck Jaune ? Un test r\u00e9gulier permet de maintenir l&#039;\u00e9quilibre de l&#039;eau, d&#039;optimiser l&#039;efficacit\u00e9 des produits de traitement et d&#039;assurer un confort de baignade optimal en \u00e9vitant l&#039;irritation des yeux et de la peau.  &nbsp;   DEMANDEZ UN PRIX\" \/>\n<meta property=\"og:url\" content=\"https:\/\/poolsparadise.fr\/?product=aquachek-jaune\" \/>\n<meta property=\"og:site_name\" content=\"Pools Paradise\" \/>\n<meta property=\"article:modified_time\" content=\"2026-02-25T09:35:40+00:00\" \/>\n<meta property=\"og:image\" content=\"http:\/\/poolsparadise.fr\/wp-content\/uploads\/2026\/02\/7.png\" \/>\n\t<meta property=\"og:image:width\" content=\"940\" \/>\n\t<meta property=\"og:image:height\" content=\"788\" \/>\n\t<meta property=\"og:image:type\" content=\"image\/png\" \/>\n<meta name=\"twitter:card\" content=\"summary_large_image\" \/>\n<meta name=\"twitter:label1\" content=\"Dur\u00e9e de lecture estim\u00e9e\" \/>\n\t<meta name=\"twitter:data1\" content=\"2 minutes\" \/>\n<script type=\"application\/ld+json\" class=\"yoast-schema-graph\">{\"@context\":\"https:\/\/schema.org\",\"@graph\":[{\"@type\":\"WebPage\",\"@id\":\"https:\/\/poolsparadise.fr\/?product=aquachek-jaune\",\"url\":\"https:\/\/poolsparadise.fr\/?product=aquachek-jaune\",\"name\":\"Aquachek jaune - Pools Paradise\",\"isPartOf\":{\"@id\":\"https:\/\/poolsparadise.fr\/#website\"},\"primaryImageOfPage\":{\"@id\":\"https:\/\/poolsparadise.fr\/?product=aquachek-jaune#primaryimage\"},\"image\":{\"@id\":\"https:\/\/poolsparadise.fr\/?product=aquachek-jaune#primaryimage\"},\"thumbnailUrl\":\"https:\/\/poolsparadise.fr\/wp-content\/uploads\/2026\/02\/7.png\",\"datePublished\":\"2026-02-25T09:33:08+00:00\",\"dateModified\":\"2026-02-25T09:35:40+00:00\",\"breadcrumb\":{\"@id\":\"https:\/\/poolsparadise.fr\/?product=aquachek-jaune#breadcrumb\"},\"inLanguage\":\"fr-FR\",\"potentialAction\":[{\"@type\":\"ReadAction\",\"target\":[\"https:\/\/poolsparadise.fr\/?product=aquachek-jaune\"]}]},{\"@type\":\"ImageObject\",\"inLanguage\":\"fr-FR\",\"@id\":\"https:\/\/poolsparadise.fr\/?product=aquachek-jaune#primaryimage\",\"url\":\"https:\/\/poolsparadise.fr\/wp-content\/uploads\/2026\/02\/7.png\",\"contentUrl\":\"https:\/\/poolsparadise.fr\/wp-content\/uploads\/2026\/02\/7.png\",\"width\":940,\"height\":788},{\"@type\":\"BreadcrumbList\",\"@id\":\"https:\/\/poolsparadise.fr\/?product=aquachek-jaune#breadcrumb\",\"itemListElement\":[{\"@type\":\"ListItem\",\"position\":1,\"name\":\"Accueil\",\"item\":\"https:\/\/poolsparadise.fr\/\"},{\"@type\":\"ListItem\",\"position\":2,\"name\":\"Produits\",\"item\":\"https:\/\/poolsparadise.fr\/?post_type=product\"},{\"@type\":\"ListItem\",\"position\":3,\"name\":\"Aquachek jaune\"}]},{\"@type\":\"WebSite\",\"@id\":\"https:\/\/poolsparadise.fr\/#website\",\"url\":\"https:\/\/poolsparadise.fr\/\",\"name\":\"Pools Paradise\",\"description\":\"\",\"publisher\":{\"@id\":\"https:\/\/poolsparadise.fr\/#organization\"},\"potentialAction\":[{\"@type\":\"SearchAction\",\"target\":{\"@type\":\"EntryPoint\",\"urlTemplate\":\"https:\/\/poolsparadise.fr\/?s={search_term_string}\"},\"query-input\":{\"@type\":\"PropertyValueSpecification\",\"valueRequired\":true,\"valueName\":\"search_term_string\"}}],\"inLanguage\":\"fr-FR\"},{\"@type\":\"Organization\",\"@id\":\"https:\/\/poolsparadise.fr\/#organization\",\"name\":\"Pools Paradise\",\"url\":\"https:\/\/poolsparadise.fr\/\",\"logo\":{\"@type\":\"ImageObject\",\"inLanguage\":\"fr-FR\",\"@id\":\"https:\/\/poolsparadise.fr\/#\/schema\/logo\/image\/\",\"url\":\"https:\/\/poolsparadise.fr\/wp-content\/uploads\/2026\/01\/LOGO-HD-TRANSPARENCE-1536x1262-1.png\",\"contentUrl\":\"https:\/\/poolsparadise.fr\/wp-content\/uploads\/2026\/01\/LOGO-HD-TRANSPARENCE-1536x1262-1.png\",\"width\":1536,\"height\":1262,\"caption\":\"Pools Paradise\"},\"image\":{\"@id\":\"https:\/\/poolsparadise.fr\/#\/schema\/logo\/image\/\"}}]}<\/script>\n<!-- \/ Yoast SEO plugin. -->","yoast_head_json":{"title":"Aquachek jaune - Pools Paradise","robots":{"index":"index","follow":"follow","max-snippet":"max-snippet:-1","max-image-preview":"max-image-preview:large","max-video-preview":"max-video-preview:-1"},"canonical":"https:\/\/poolsparadise.fr\/?product=aquachek-jaune","og_locale":"fr_FR","og_type":"article","og_title":"Aquachek jaune - Pools Paradise","og_description":"Produit homologu\u00e9 par le minist\u00e8re de la sant\u00e9 pour l\u2019ajustement de l\u2019\u00e9quilibre des eaux des piscines publiques.  CARACT\u00c9RISTIQUES   Analyse 4-en-1 : Mesure simultan\u00e9ment le Chlore libre, le pH, l'Alcalinit\u00e9 totale (TAC) et le Stabilisant (Acide Cyanurique).  Rapidit\u00e9 : R\u00e9sultats fiables obtenus en seulement 15 secondes.  Pr\u00e9cision : Nuancier haute d\u00e9finition sur le flacon pour une lecture simplifi\u00e9e des couleurs.  Qualit\u00e9 Aquacheck : La marque de r\u00e9f\u00e9rence mondiale pour l'analyse de l'eau des piscines et spas.  &nbsp; Pourquoi utiliser l'Aquacheck Jaune ? Un test r\u00e9gulier permet de maintenir l'\u00e9quilibre de l'eau, d'optimiser l'efficacit\u00e9 des produits de traitement et d'assurer un confort de baignade optimal en \u00e9vitant l'irritation des yeux et de la peau.  &nbsp;   DEMANDEZ UN PRIX","og_url":"https:\/\/poolsparadise.fr\/?product=aquachek-jaune","og_site_name":"Pools Paradise","article_modified_time":"2026-02-25T09:35:40+00:00","og_image":[{"width":940,"height":788,"url":"http:\/\/poolsparadise.fr\/wp-content\/uploads\/2026\/02\/7.png","type":"image\/png"}],"twitter_card":"summary_large_image","twitter_misc":{"Dur\u00e9e de lecture estim\u00e9e":"2 minutes"},"schema":{"@context":"https:\/\/schema.org","@graph":[{"@type":"WebPage","@id":"https:\/\/poolsparadise.fr\/?product=aquachek-jaune","url":"https:\/\/poolsparadise.fr\/?product=aquachek-jaune","name":"Aquachek jaune - Pools Paradise","isPartOf":{"@id":"https:\/\/poolsparadise.fr\/#website"},"primaryImageOfPage":{"@id":"https:\/\/poolsparadise.fr\/?product=aquachek-jaune#primaryimage"},"image":{"@id":"https:\/\/poolsparadise.fr\/?product=aquachek-jaune#primaryimage"},"thumbnailUrl":"https:\/\/poolsparadise.fr\/wp-content\/uploads\/2026\/02\/7.png","datePublished":"2026-02-25T09:33:08+00:00","dateModified":"2026-02-25T09:35:40+00:00","breadcrumb":{"@id":"https:\/\/poolsparadise.fr\/?product=aquachek-jaune#breadcrumb"},"inLanguage":"fr-FR","potentialAction":[{"@type":"ReadAction","target":["https:\/\/poolsparadise.fr\/?product=aquachek-jaune"]}]},{"@type":"ImageObject","inLanguage":"fr-FR","@id":"https:\/\/poolsparadise.fr\/?product=aquachek-jaune#primaryimage","url":"https:\/\/poolsparadise.fr\/wp-content\/uploads\/2026\/02\/7.png","contentUrl":"https:\/\/poolsparadise.fr\/wp-content\/uploads\/2026\/02\/7.png","width":940,"height":788},{"@type":"BreadcrumbList","@id":"https:\/\/poolsparadise.fr\/?product=aquachek-jaune#breadcrumb","itemListElement":[{"@type":"ListItem","position":1,"name":"Accueil","item":"https:\/\/poolsparadise.fr\/"},{"@type":"ListItem","position":2,"name":"Produits","item":"https:\/\/poolsparadise.fr\/?post_type=product"},{"@type":"ListItem","position":3,"name":"Aquachek jaune"}]},{"@type":"WebSite","@id":"https:\/\/poolsparadise.fr\/#website","url":"https:\/\/poolsparadise.fr\/","name":"Pools Paradise","description":"","publisher":{"@id":"https:\/\/poolsparadise.fr\/#organization"},"potentialAction":[{"@type":"SearchAction","target":{"@type":"EntryPoint","urlTemplate":"https:\/\/poolsparadise.fr\/?s={search_term_string}"},"query-input":{"@type":"PropertyValueSpecification","valueRequired":true,"valueName":"search_term_string"}}],"inLanguage":"fr-FR"},{"@type":"Organization","@id":"https:\/\/poolsparadise.fr\/#organization","name":"Pools Paradise","url":"https:\/\/poolsparadise.fr\/","logo":{"@type":"ImageObject","inLanguage":"fr-FR","@id":"https:\/\/poolsparadise.fr\/#\/schema\/logo\/image\/","url":"https:\/\/poolsparadise.fr\/wp-content\/uploads\/2026\/01\/LOGO-HD-TRANSPARENCE-1536x1262-1.png","contentUrl":"https:\/\/poolsparadise.fr\/wp-content\/uploads\/2026\/01\/LOGO-HD-TRANSPARENCE-1536x1262-1.png","width":1536,"height":1262,"caption":"Pools Paradise"},"image":{"@id":"https:\/\/poolsparadise.fr\/#\/schema\/logo\/image\/"}}]}},"_links":{"self":[{"href":"https:\/\/poolsparadise.fr\/index.php?rest_route=\/wp\/v2\/product\/1749","targetHints":{"allow":["GET"]}}],"collection":[{"href":"https:\/\/poolsparadise.fr\/index.php?rest_route=\/wp\/v2\/product"}],"about":[{"href":"https:\/\/poolsparadise.fr\/index.php?rest_route=\/wp\/v2\/types\/product"}],"replies":[{"embeddable":true,"href":"https:\/\/poolsparadise.fr\/index.php?rest_route=%2Fwp%2Fv2%2Fcomments&post=1749"}],"wp:featuredmedia":[{"embeddable":true,"href":"https:\/\/poolsparadise.fr\/index.php?rest_route=\/wp\/v2\/media\/1750"}],"wp:attachment":[{"href":"https:\/\/poolsparadise.fr\/index.php?rest_route=%2Fwp%2Fv2%2Fmedia&parent=1749"}],"wp:term":[{"taxonomy":"product_brand","embeddable":true,"href":"https:\/\/poolsparadise.fr\/index.php?rest_route=%2Fwp%2Fv2%2Fproduct_brand&post=1749"},{"taxonomy":"product_cat","embeddable":true,"href":"https:\/\/poolsparadise.fr\/index.php?rest_route=%2Fwp%2Fv2%2Fproduct_cat&post=1749"},{"taxonomy":"product_tag","embeddable":true,"href":"https:\/\/poolsparadise.fr\/index.php?rest_route=%2Fwp%2Fv2%2Fproduct_tag&post=1749"}],"curies":[{"name":"wp","href":"https:\/\/api.w.org\/{rel}","templated":true}]}}