{"id":1826,"date":"2026-02-25T14:23:14","date_gmt":"2026-02-25T13:23:14","guid":{"rendered":"https:\/\/poolsparadise.fr\/?page_id=1826"},"modified":"2026-03-02T10:53:14","modified_gmt":"2026-03-02T09:53:14","slug":"accessoires-piscines","status":"publish","type":"page","link":"https:\/\/poolsparadise.fr\/?page_id=1826","title":{"rendered":"Accessoires piscines"},"content":{"rendered":"\t\t<div data-elementor-type=\"wp-page\" data-elementor-id=\"1826\" class=\"elementor elementor-1826\">\n\t\t\t\t<div class=\"elementor-element elementor-element-5a11e22 e-flex e-con-boxed e-con e-parent\" data-id=\"5a11e22\" data-element_type=\"container\">\n\t\t\t\t\t<div class=\"e-con-inner\">\n\t\t\t\t<div class=\"elementor-element elementor-element-2d6d2ff elementor-widget elementor-widget-shortcode\" data-id=\"2d6d2ff\" data-element_type=\"widget\" data-widget_type=\"shortcode.default\">\n\t\t\t\t\t\t\t<div class=\"elementor-shortcode\"><div class=\"woocommerce columns-4 \"><ul class=\"products columns-4\">\n<li class=\"product type-product post-1755 status-publish first instock product_cat-accessoires-piscines has-post-thumbnail shipping-taxable product-type-simple\">\n\t<a href=\"https:\/\/poolsparadise.fr\/?product=brosse-de-paroi\" class=\"woocommerce-LoopProduct-link woocommerce-loop-product__link\"><img fetchpriority=\"high\" decoding=\"async\" width=\"300\" height=\"300\" src=\"https:\/\/poolsparadise.fr\/wp-content\/uploads\/2026\/02\/10-300x300.png\" class=\"attachment-woocommerce_thumbnail size-woocommerce_thumbnail\" alt=\"Brosse de paroi\" srcset=\"https:\/\/poolsparadise.fr\/wp-content\/uploads\/2026\/02\/10-300x300.png 300w, https:\/\/poolsparadise.fr\/wp-content\/uploads\/2026\/02\/10-150x150.png 150w, https:\/\/poolsparadise.fr\/wp-content\/uploads\/2026\/02\/10-100x100.png 100w\" sizes=\"(max-width: 300px) 100vw, 300px\" \/><h2 class=\"woocommerce-loop-product__title\">Brosse de paroi<\/h2>\n<\/a><\/li>\n<li class=\"product type-product post-1759 status-publish instock product_cat-accessoires-piscines has-post-thumbnail shipping-taxable product-type-simple\">\n\t<a href=\"https:\/\/poolsparadise.fr\/?product=doseur-flottant\" class=\"woocommerce-LoopProduct-link woocommerce-loop-product__link\"><img decoding=\"async\" width=\"300\" height=\"300\" src=\"https:\/\/poolsparadise.fr\/wp-content\/uploads\/2026\/02\/12-300x300.png\" class=\"attachment-woocommerce_thumbnail size-woocommerce_thumbnail\" alt=\"Doseur flottant\" srcset=\"https:\/\/poolsparadise.fr\/wp-content\/uploads\/2026\/02\/12-300x300.png 300w, https:\/\/poolsparadise.fr\/wp-content\/uploads\/2026\/02\/12-150x150.png 150w, https:\/\/poolsparadise.fr\/wp-content\/uploads\/2026\/02\/12-100x100.png 100w\" sizes=\"(max-width: 300px) 100vw, 300px\" \/><h2 class=\"woocommerce-loop-product__title\">Doseur flottant<\/h2>\n<\/a><\/li>\n<li class=\"product type-product post-1761 status-publish instock product_cat-accessoires-piscines has-post-thumbnail shipping-taxable product-type-simple\">\n\t<a href=\"https:\/\/poolsparadise.fr\/?product=embout-prise-balai\" class=\"woocommerce-LoopProduct-link woocommerce-loop-product__link\"><img decoding=\"async\" width=\"300\" height=\"300\" src=\"https:\/\/poolsparadise.fr\/wp-content\/uploads\/2026\/02\/13-300x300.png\" class=\"attachment-woocommerce_thumbnail size-woocommerce_thumbnail\" alt=\"Embout prise balai\" srcset=\"https:\/\/poolsparadise.fr\/wp-content\/uploads\/2026\/02\/13-300x300.png 300w, https:\/\/poolsparadise.fr\/wp-content\/uploads\/2026\/02\/13-150x150.png 150w, https:\/\/poolsparadise.fr\/wp-content\/uploads\/2026\/02\/13-100x100.png 100w\" sizes=\"(max-width: 300px) 100vw, 300px\" \/><h2 class=\"woocommerce-loop-product__title\">Embout prise balai<\/h2>\n<\/a><\/li>\n<li class=\"product type-product post-1764 status-publish last instock product_cat-accessoires-piscines has-post-thumbnail shipping-taxable product-type-simple\">\n\t<a href=\"https:\/\/poolsparadise.fr\/?product=epuisette-de-fond\" class=\"woocommerce-LoopProduct-link woocommerce-loop-product__link\"><img loading=\"lazy\" decoding=\"async\" width=\"300\" height=\"300\" src=\"https:\/\/poolsparadise.fr\/wp-content\/uploads\/2026\/02\/14-300x300.png\" class=\"attachment-woocommerce_thumbnail size-woocommerce_thumbnail\" alt=\"Epuisette de fond\" srcset=\"https:\/\/poolsparadise.fr\/wp-content\/uploads\/2026\/02\/14-300x300.png 300w, https:\/\/poolsparadise.fr\/wp-content\/uploads\/2026\/02\/14-150x150.png 150w, https:\/\/poolsparadise.fr\/wp-content\/uploads\/2026\/02\/14-100x100.png 100w\" sizes=\"(max-width: 300px) 100vw, 300px\" \/><h2 class=\"woocommerce-loop-product__title\">Epuisette de fond<\/h2>\n<\/a><\/li>\n<li class=\"product type-product post-1766 status-publish first instock product_cat-accessoires-piscines has-post-thumbnail shipping-taxable product-type-simple\">\n\t<a href=\"https:\/\/poolsparadise.fr\/?product=epuisette-de-surface\" class=\"woocommerce-LoopProduct-link woocommerce-loop-product__link\"><img loading=\"lazy\" decoding=\"async\" width=\"300\" height=\"300\" src=\"https:\/\/poolsparadise.fr\/wp-content\/uploads\/2026\/02\/15-300x300.png\" class=\"attachment-woocommerce_thumbnail size-woocommerce_thumbnail\" alt=\"Epuisette de surface\" srcset=\"https:\/\/poolsparadise.fr\/wp-content\/uploads\/2026\/02\/15-300x300.png 300w, https:\/\/poolsparadise.fr\/wp-content\/uploads\/2026\/02\/15-150x150.png 150w, https:\/\/poolsparadise.fr\/wp-content\/uploads\/2026\/02\/15-100x100.png 100w\" sizes=\"(max-width: 300px) 100vw, 300px\" \/><h2 class=\"woocommerce-loop-product__title\">Epuisette de surface<\/h2>\n<\/a><\/li>\n<li class=\"product type-product post-1770 status-publish instock product_cat-accessoires-piscines has-post-thumbnail shipping-taxable product-type-simple\">\n\t<a href=\"https:\/\/poolsparadise.fr\/?product=kit-de-nettoyage\" class=\"woocommerce-LoopProduct-link woocommerce-loop-product__link\"><img loading=\"lazy\" decoding=\"async\" width=\"300\" height=\"300\" src=\"https:\/\/poolsparadise.fr\/wp-content\/uploads\/2026\/02\/18-300x300.png\" class=\"attachment-woocommerce_thumbnail size-woocommerce_thumbnail\" alt=\"Kit de nettoyage\" srcset=\"https:\/\/poolsparadise.fr\/wp-content\/uploads\/2026\/02\/18-300x300.png 300w, https:\/\/poolsparadise.fr\/wp-content\/uploads\/2026\/02\/18-150x150.png 150w, https:\/\/poolsparadise.fr\/wp-content\/uploads\/2026\/02\/18-100x100.png 100w\" sizes=\"(max-width: 300px) 100vw, 300px\" \/><h2 class=\"woocommerce-loop-product__title\">Kit de nettoyage<\/h2>\n<\/a><\/li>\n<li class=\"product type-product post-1796 status-publish instock product_cat-accessoires-piscines has-post-thumbnail shipping-taxable product-type-simple\">\n\t<a href=\"https:\/\/poolsparadise.fr\/?product=netskim\" class=\"woocommerce-LoopProduct-link woocommerce-loop-product__link\"><img loading=\"lazy\" decoding=\"async\" width=\"300\" height=\"300\" src=\"https:\/\/poolsparadise.fr\/wp-content\/uploads\/2026\/02\/29-300x300.png\" class=\"attachment-woocommerce_thumbnail size-woocommerce_thumbnail\" alt=\"NET&#039;SKIM\" srcset=\"https:\/\/poolsparadise.fr\/wp-content\/uploads\/2026\/02\/29-300x300.png 300w, https:\/\/poolsparadise.fr\/wp-content\/uploads\/2026\/02\/29-150x150.png 150w, https:\/\/poolsparadise.fr\/wp-content\/uploads\/2026\/02\/29-100x100.png 100w\" sizes=\"(max-width: 300px) 100vw, 300px\" \/><h2 class=\"woocommerce-loop-product__title\">NET&rsquo;SKIM<\/h2>\n<\/a><\/li>\n<li class=\"product type-product post-1772 status-publish last instock product_cat-accessoires-piscines has-post-thumbnail shipping-taxable product-type-simple\">\n\t<a href=\"https:\/\/poolsparadise.fr\/?product=perche-telescopique\" class=\"woocommerce-LoopProduct-link woocommerce-loop-product__link\"><img loading=\"lazy\" decoding=\"async\" width=\"300\" height=\"300\" src=\"https:\/\/poolsparadise.fr\/wp-content\/uploads\/2026\/02\/19-300x300.png\" class=\"attachment-woocommerce_thumbnail size-woocommerce_thumbnail\" alt=\"Perche t\u00e9lescopique\" srcset=\"https:\/\/poolsparadise.fr\/wp-content\/uploads\/2026\/02\/19-300x300.png 300w, https:\/\/poolsparadise.fr\/wp-content\/uploads\/2026\/02\/19-150x150.png 150w, https:\/\/poolsparadise.fr\/wp-content\/uploads\/2026\/02\/19-100x100.png 100w\" sizes=\"(max-width: 300px) 100vw, 300px\" \/><h2 class=\"woocommerce-loop-product__title\">Perche t\u00e9lescopique<\/h2>\n<\/a><\/li>\n<li class=\"product type-product post-1774 status-publish first instock product_cat-accessoires-piscines has-post-thumbnail shipping-taxable product-type-simple\">\n\t<a href=\"https:\/\/poolsparadise.fr\/?product=perche-telescopique-pro\" class=\"woocommerce-LoopProduct-link woocommerce-loop-product__link\"><img loading=\"lazy\" decoding=\"async\" width=\"300\" height=\"300\" src=\"https:\/\/poolsparadise.fr\/wp-content\/uploads\/2026\/02\/20-300x300.png\" class=\"attachment-woocommerce_thumbnail size-woocommerce_thumbnail\" alt=\"Perche t\u00e9lescopique pro\" srcset=\"https:\/\/poolsparadise.fr\/wp-content\/uploads\/2026\/02\/20-300x300.png 300w, https:\/\/poolsparadise.fr\/wp-content\/uploads\/2026\/02\/20-150x150.png 150w, https:\/\/poolsparadise.fr\/wp-content\/uploads\/2026\/02\/20-100x100.png 100w\" sizes=\"(max-width: 300px) 100vw, 300px\" \/><h2 class=\"woocommerce-loop-product__title\">Perche t\u00e9lescopique pro<\/h2>\n<\/a><\/li>\n<li class=\"product type-product post-1790 status-publish instock product_cat-accessoires-piscines has-post-thumbnail shipping-taxable product-type-simple\">\n\t<a href=\"https:\/\/poolsparadise.fr\/?product=tete-de-balai-daspirateur\" class=\"woocommerce-LoopProduct-link woocommerce-loop-product__link\"><img loading=\"lazy\" decoding=\"async\" width=\"300\" height=\"300\" src=\"https:\/\/poolsparadise.fr\/wp-content\/uploads\/2026\/02\/26-300x300.png\" class=\"attachment-woocommerce_thumbnail size-woocommerce_thumbnail\" alt=\"T\u00eate de balai d&#039;aspirateur\" srcset=\"https:\/\/poolsparadise.fr\/wp-content\/uploads\/2026\/02\/26-300x300.png 300w, https:\/\/poolsparadise.fr\/wp-content\/uploads\/2026\/02\/26-150x150.png 150w, https:\/\/poolsparadise.fr\/wp-content\/uploads\/2026\/02\/26-100x100.png 100w\" sizes=\"(max-width: 300px) 100vw, 300px\" \/><h2 class=\"woocommerce-loop-product__title\">T\u00eate de balai d&rsquo;aspirateur<\/h2>\n<\/a><\/li>\n<li class=\"product type-product post-1792 status-publish instock product_cat-accessoires-piscines has-post-thumbnail shipping-taxable product-type-simple\">\n\t<a href=\"https:\/\/poolsparadise.fr\/?product=thermometre-flottant\" class=\"woocommerce-LoopProduct-link woocommerce-loop-product__link\"><img loading=\"lazy\" decoding=\"async\" width=\"300\" height=\"300\" src=\"https:\/\/poolsparadise.fr\/wp-content\/uploads\/2026\/02\/27-300x300.png\" class=\"attachment-woocommerce_thumbnail size-woocommerce_thumbnail\" alt=\"Thermom\u00e8tre flottant\" srcset=\"https:\/\/poolsparadise.fr\/wp-content\/uploads\/2026\/02\/27-300x300.png 300w, https:\/\/poolsparadise.fr\/wp-content\/uploads\/2026\/02\/27-150x150.png 150w, https:\/\/poolsparadise.fr\/wp-content\/uploads\/2026\/02\/27-100x100.png 100w\" sizes=\"(max-width: 300px) 100vw, 300px\" \/><h2 class=\"woocommerce-loop-product__title\">Thermom\u00e8tre flottant<\/h2>\n<\/a><\/li>\n<li class=\"product type-product post-1794 status-publish last instock product_cat-accessoires-piscines has-post-thumbnail shipping-taxable product-type-simple\">\n\t<a href=\"https:\/\/poolsparadise.fr\/?product=tuyau-flottant-6-ou-8m\" class=\"woocommerce-LoopProduct-link woocommerce-loop-product__link\"><img loading=\"lazy\" decoding=\"async\" width=\"300\" height=\"300\" src=\"https:\/\/poolsparadise.fr\/wp-content\/uploads\/2026\/02\/28-300x300.png\" class=\"attachment-woocommerce_thumbnail size-woocommerce_thumbnail\" alt=\"Tuyau flottant (6 ou 8M)\" srcset=\"https:\/\/poolsparadise.fr\/wp-content\/uploads\/2026\/02\/28-300x300.png 300w, https:\/\/poolsparadise.fr\/wp-content\/uploads\/2026\/02\/28-150x150.png 150w, https:\/\/poolsparadise.fr\/wp-content\/uploads\/2026\/02\/28-100x100.png 100w\" sizes=\"(max-width: 300px) 100vw, 300px\" \/><h2 class=\"woocommerce-loop-product__title\">Tuyau flottant (6 ou 8M)<\/h2>\n<\/a><\/li>\n<\/ul>\n<\/div><\/div>\n\t\t\t\t\t\t<\/div>\n\t\t\t\t<div class=\"elementor-element elementor-element-caf46d6 elementor-widget elementor-widget-html\" data-id=\"caf46d6\" data-element_type=\"widget\" data-widget_type=\"html.default\">\n\t\t\t\t\t<style>\n\/* Centrer les titres *\/\n.woocommerce-loop-product__title {\n    text-align: center !important;\n    color: #1c4389 !important;\n    font-weight: 600 !important;\n    transition: 0.3s ease;\n}\n\n\/* Couleur au survol *\/\n.woocommerce-loop-product__title:hover {\n    color: #fac140 !important;\n}\n\n\/* Images arrondies *\/\n.woocommerce ul.products li.product img {\n    border-radius: 18px !important;\n}\n<\/style>\t\t\t\t<\/div>\n\t\t\t\t<div class=\"elementor-element elementor-element-62ea860 elementor-widget elementor-widget-spacer\" data-id=\"62ea860\" data-element_type=\"widget\" data-widget_type=\"spacer.default\">\n\t\t\t\t\t\t\t<div class=\"elementor-spacer\">\n\t\t\t<div class=\"elementor-spacer-inner\"><\/div>\n\t\t<\/div>\n\t\t\t\t\t\t<\/div>\n\t\t\t\t<div class=\"elementor-element elementor-element-3838fcc elementor-widget elementor-widget-spacer\" data-id=\"3838fcc\" data-element_type=\"widget\" data-widget_type=\"spacer.default\">\n\t\t\t\t\t\t\t<div class=\"elementor-spacer\">\n\t\t\t<div class=\"elementor-spacer-inner\"><\/div>\n\t\t<\/div>\n\t\t\t\t\t\t<\/div>\n\t\t\t\t\t<\/div>\n\t\t\t\t<\/div>\n\t\t\t\t<\/div>\n\t\t","protected":false},"excerpt":{"rendered":"","protected":false},"author":1,"featured_media":0,"parent":0,"menu_order":0,"comment_status":"closed","ping_status":"closed","template":"","meta":{"footnotes":""},"class_list":["post-1826","page","type-page","status-publish","hentry"],"yoast_head":"<!-- This site is optimized with the Yoast SEO plugin v26.8 - https:\/\/yoast.com\/product\/yoast-seo-wordpress\/ -->\n<title>Accessoires piscine de qualit\u00e9 : avec Pools Paradise<\/title>\n<meta name=\"description\" content=\"Accessoires piscine de qualit\u00e9. Pompes, robots, b\u00e2ches et domotique : d\u00e9couvrez la s\u00e9lection de Pools Paradise.\" \/>\n<meta name=\"robots\" content=\"index, follow, max-snippet:-1, max-image-preview:large, max-video-preview:-1\" \/>\n<link rel=\"canonical\" href=\"https:\/\/poolsparadise.fr\/?page_id=1826\" \/>\n<meta property=\"og:locale\" content=\"fr_FR\" \/>\n<meta property=\"og:type\" content=\"article\" \/>\n<meta property=\"og:title\" content=\"Accessoires piscine de qualit\u00e9 : avec Pools Paradise\" \/>\n<meta property=\"og:description\" content=\"Accessoires piscine de qualit\u00e9. Pompes, robots, b\u00e2ches et domotique : d\u00e9couvrez la s\u00e9lection de Pools Paradise.\" \/>\n<meta property=\"og:url\" content=\"https:\/\/poolsparadise.fr\/?page_id=1826\" \/>\n<meta property=\"og:site_name\" content=\"Pools Paradise\" \/>\n<meta property=\"article:modified_time\" content=\"2026-03-02T09:53:14+00:00\" \/>\n<meta name=\"twitter:card\" content=\"summary_large_image\" \/>\n<meta name=\"twitter:label1\" content=\"Dur\u00e9e de lecture estim\u00e9e\" \/>\n\t<meta name=\"twitter:data1\" content=\"1 minute\" \/>\n<script type=\"application\/ld+json\" class=\"yoast-schema-graph\">{\"@context\":\"https:\/\/schema.org\",\"@graph\":[{\"@type\":\"WebPage\",\"@id\":\"https:\/\/poolsparadise.fr\/?page_id=1826\",\"url\":\"https:\/\/poolsparadise.fr\/?page_id=1826\",\"name\":\"Accessoires piscine de qualit\u00e9 : avec Pools Paradise\",\"isPartOf\":{\"@id\":\"https:\/\/poolsparadise.fr\/#website\"},\"datePublished\":\"2026-02-25T13:23:14+00:00\",\"dateModified\":\"2026-03-02T09:53:14+00:00\",\"description\":\"Accessoires piscine de qualit\u00e9. Pompes, robots, b\u00e2ches et domotique : d\u00e9couvrez la s\u00e9lection de Pools Paradise.\",\"breadcrumb\":{\"@id\":\"https:\/\/poolsparadise.fr\/?page_id=1826#breadcrumb\"},\"inLanguage\":\"fr-FR\",\"potentialAction\":[{\"@type\":\"ReadAction\",\"target\":[\"https:\/\/poolsparadise.fr\/?page_id=1826\"]}]},{\"@type\":\"BreadcrumbList\",\"@id\":\"https:\/\/poolsparadise.fr\/?page_id=1826#breadcrumb\",\"itemListElement\":[{\"@type\":\"ListItem\",\"position\":1,\"name\":\"Accueil\",\"item\":\"https:\/\/poolsparadise.fr\/\"},{\"@type\":\"ListItem\",\"position\":2,\"name\":\"Accessoires piscines\"}]},{\"@type\":\"WebSite\",\"@id\":\"https:\/\/poolsparadise.fr\/#website\",\"url\":\"https:\/\/poolsparadise.fr\/\",\"name\":\"Pools Paradise\",\"description\":\"\",\"publisher\":{\"@id\":\"https:\/\/poolsparadise.fr\/#organization\"},\"potentialAction\":[{\"@type\":\"SearchAction\",\"target\":{\"@type\":\"EntryPoint\",\"urlTemplate\":\"https:\/\/poolsparadise.fr\/?s={search_term_string}\"},\"query-input\":{\"@type\":\"PropertyValueSpecification\",\"valueRequired\":true,\"valueName\":\"search_term_string\"}}],\"inLanguage\":\"fr-FR\"},{\"@type\":\"Organization\",\"@id\":\"https:\/\/poolsparadise.fr\/#organization\",\"name\":\"Pools Paradise\",\"url\":\"https:\/\/poolsparadise.fr\/\",\"logo\":{\"@type\":\"ImageObject\",\"inLanguage\":\"fr-FR\",\"@id\":\"https:\/\/poolsparadise.fr\/#\/schema\/logo\/image\/\",\"url\":\"https:\/\/poolsparadise.fr\/wp-content\/uploads\/2026\/01\/LOGO-HD-TRANSPARENCE-1536x1262-1.png\",\"contentUrl\":\"https:\/\/poolsparadise.fr\/wp-content\/uploads\/2026\/01\/LOGO-HD-TRANSPARENCE-1536x1262-1.png\",\"width\":1536,\"height\":1262,\"caption\":\"Pools Paradise\"},\"image\":{\"@id\":\"https:\/\/poolsparadise.fr\/#\/schema\/logo\/image\/\"}}]}<\/script>\n<!-- \/ Yoast SEO plugin. -->","yoast_head_json":{"title":"Accessoires piscine de qualit\u00e9 : avec Pools Paradise","description":"Accessoires piscine de qualit\u00e9. Pompes, robots, b\u00e2ches et domotique : d\u00e9couvrez la s\u00e9lection de Pools Paradise.","robots":{"index":"index","follow":"follow","max-snippet":"max-snippet:-1","max-image-preview":"max-image-preview:large","max-video-preview":"max-video-preview:-1"},"canonical":"https:\/\/poolsparadise.fr\/?page_id=1826","og_locale":"fr_FR","og_type":"article","og_title":"Accessoires piscine de qualit\u00e9 : avec Pools Paradise","og_description":"Accessoires piscine de qualit\u00e9. Pompes, robots, b\u00e2ches et domotique : d\u00e9couvrez la s\u00e9lection de Pools Paradise.","og_url":"https:\/\/poolsparadise.fr\/?page_id=1826","og_site_name":"Pools Paradise","article_modified_time":"2026-03-02T09:53:14+00:00","twitter_card":"summary_large_image","twitter_misc":{"Dur\u00e9e de lecture estim\u00e9e":"1 minute"},"schema":{"@context":"https:\/\/schema.org","@graph":[{"@type":"WebPage","@id":"https:\/\/poolsparadise.fr\/?page_id=1826","url":"https:\/\/poolsparadise.fr\/?page_id=1826","name":"Accessoires piscine de qualit\u00e9 : avec Pools Paradise","isPartOf":{"@id":"https:\/\/poolsparadise.fr\/#website"},"datePublished":"2026-02-25T13:23:14+00:00","dateModified":"2026-03-02T09:53:14+00:00","description":"Accessoires piscine de qualit\u00e9. Pompes, robots, b\u00e2ches et domotique : d\u00e9couvrez la s\u00e9lection de Pools Paradise.","breadcrumb":{"@id":"https:\/\/poolsparadise.fr\/?page_id=1826#breadcrumb"},"inLanguage":"fr-FR","potentialAction":[{"@type":"ReadAction","target":["https:\/\/poolsparadise.fr\/?page_id=1826"]}]},{"@type":"BreadcrumbList","@id":"https:\/\/poolsparadise.fr\/?page_id=1826#breadcrumb","itemListElement":[{"@type":"ListItem","position":1,"name":"Accueil","item":"https:\/\/poolsparadise.fr\/"},{"@type":"ListItem","position":2,"name":"Accessoires piscines"}]},{"@type":"WebSite","@id":"https:\/\/poolsparadise.fr\/#website","url":"https:\/\/poolsparadise.fr\/","name":"Pools Paradise","description":"","publisher":{"@id":"https:\/\/poolsparadise.fr\/#organization"},"potentialAction":[{"@type":"SearchAction","target":{"@type":"EntryPoint","urlTemplate":"https:\/\/poolsparadise.fr\/?s={search_term_string}"},"query-input":{"@type":"PropertyValueSpecification","valueRequired":true,"valueName":"search_term_string"}}],"inLanguage":"fr-FR"},{"@type":"Organization","@id":"https:\/\/poolsparadise.fr\/#organization","name":"Pools Paradise","url":"https:\/\/poolsparadise.fr\/","logo":{"@type":"ImageObject","inLanguage":"fr-FR","@id":"https:\/\/poolsparadise.fr\/#\/schema\/logo\/image\/","url":"https:\/\/poolsparadise.fr\/wp-content\/uploads\/2026\/01\/LOGO-HD-TRANSPARENCE-1536x1262-1.png","contentUrl":"https:\/\/poolsparadise.fr\/wp-content\/uploads\/2026\/01\/LOGO-HD-TRANSPARENCE-1536x1262-1.png","width":1536,"height":1262,"caption":"Pools Paradise"},"image":{"@id":"https:\/\/poolsparadise.fr\/#\/schema\/logo\/image\/"}}]}},"_links":{"self":[{"href":"https:\/\/poolsparadise.fr\/index.php?rest_route=\/wp\/v2\/pages\/1826","targetHints":{"allow":["GET"]}}],"collection":[{"href":"https:\/\/poolsparadise.fr\/index.php?rest_route=\/wp\/v2\/pages"}],"about":[{"href":"https:\/\/poolsparadise.fr\/index.php?rest_route=\/wp\/v2\/types\/page"}],"author":[{"embeddable":true,"href":"https:\/\/poolsparadise.fr\/index.php?rest_route=\/wp\/v2\/users\/1"}],"replies":[{"embeddable":true,"href":"https:\/\/poolsparadise.fr\/index.php?rest_route=%2Fwp%2Fv2%2Fcomments&post=1826"}],"version-history":[{"count":4,"href":"https:\/\/poolsparadise.fr\/index.php?rest_route=\/wp\/v2\/pages\/1826\/revisions"}],"predecessor-version":[{"id":1833,"href":"https:\/\/poolsparadise.fr\/index.php?rest_route=\/wp\/v2\/pages\/1826\/revisions\/1833"}],"wp:attachment":[{"href":"https:\/\/poolsparadise.fr\/index.php?rest_route=%2Fwp%2Fv2%2Fmedia&parent=1826"}],"curies":[{"name":"wp","href":"https:\/\/api.w.org\/{rel}","templated":true}]}}