{"id":1185,"date":"2026-02-17T14:40:16","date_gmt":"2026-02-17T13:40:16","guid":{"rendered":"https:\/\/poolsparadise.fr\/?page_id=1185"},"modified":"2026-02-25T15:12:40","modified_gmt":"2026-02-25T14:12:40","slug":"nos-produits","status":"publish","type":"page","link":"https:\/\/poolsparadise.fr\/?page_id=1185","title":{"rendered":"Nos produits"},"content":{"rendered":"\t\t<div data-elementor-type=\"wp-page\" data-elementor-id=\"1185\" class=\"elementor elementor-1185\">\n\t\t\t\t<div class=\"elementor-element elementor-element-8f6313b e-flex e-con-boxed e-con e-parent\" data-id=\"8f6313b\" data-element_type=\"container\" data-settings=\"{&quot;background_background&quot;:&quot;classic&quot;}\">\n\t\t\t\t\t<div class=\"e-con-inner\">\n\t\t\t\t<div class=\"elementor-element elementor-element-fd4dbca elementor-widget elementor-widget-heading\" data-id=\"fd4dbca\" data-element_type=\"widget\" data-widget_type=\"heading.default\">\n\t\t\t\t\t<h2 class=\"elementor-heading-title elementor-size-default\">Tout pour votre piscine, au m\u00eame endroit<\/h2>\t\t\t\t<\/div>\n\t\t\t\t<div class=\"elementor-element elementor-element-ac3c9d8 elementor-widget elementor-widget-text-editor\" data-id=\"ac3c9d8\" data-element_type=\"widget\" data-widget_type=\"text-editor.default\">\n\t\t\t\t\t\t\t\t\t<p class=\"p1\">D\u00e9couvrez notre s\u00e9lection d\u2019\u00e9quipements, accessoires et produits d\u2019entretien soigneusement choisis pour garantir la performance, la s\u00e9curit\u00e9 et la long\u00e9vit\u00e9 de votre piscine.<\/p>\t\t\t\t\t\t\t\t<\/div>\n\t\t\t\t\t<\/div>\n\t\t\t\t<\/div>\n\t\t<div class=\"elementor-element elementor-element-cee878e e-flex e-con-boxed e-con e-parent\" data-id=\"cee878e\" data-element_type=\"container\">\n\t\t\t\t\t<div class=\"e-con-inner\">\n\t\t\t\t<div class=\"elementor-element elementor-element-63d4e0d elementor-widget elementor-widget-shortcode\" data-id=\"63d4e0d\" data-element_type=\"widget\" data-widget_type=\"shortcode.default\">\n\t\t\t\t\t\t\t<div class=\"elementor-shortcode\"><div class=\"woocommerce columns-4\"><ul class=\"products columns-4\">\n<li class=\"product-category product first\">\n\t<a aria-label=\"Acc\u00e9der \u00e0 la cat\u00e9gorie de produits Accessoires piscine\" href=\"https:\/\/poolsparadise.fr\/?product_cat=accessoires-piscines\"><img fetchpriority=\"high\" decoding=\"async\" src=\"https:\/\/poolsparadise.fr\/wp-content\/uploads\/2026\/02\/Capture-decran-2026-02-25-a-11.53.58-300x300.png\" alt=\"Accessoires piscine\" width=\"300\" height=\"300\" srcset=\"https:\/\/poolsparadise.fr\/wp-content\/uploads\/2026\/02\/Capture-decran-2026-02-25-a-11.53.58-300x300.png 300w, https:\/\/poolsparadise.fr\/wp-content\/uploads\/2026\/02\/Capture-decran-2026-02-25-a-11.53.58-150x150.png 150w, https:\/\/poolsparadise.fr\/wp-content\/uploads\/2026\/02\/Capture-decran-2026-02-25-a-11.53.58-100x100.png 100w\" sizes=\"(max-width: 300px) 100vw, 300px\" \/>\t\t<h2 class=\"woocommerce-loop-category__title\">\n\t\t\tAccessoires piscine <mark class=\"count\">(12)<\/mark>\t\t<\/h2>\n\t\t<\/a><\/li>\n<li class=\"product-category product\">\n\t<a aria-label=\"Acc\u00e9der \u00e0 la cat\u00e9gorie de produits Mat\u00e9riel filtration\" href=\"https:\/\/poolsparadise.fr\/?product_cat=materiel-filtration\"><img decoding=\"async\" src=\"https:\/\/poolsparadise.fr\/wp-content\/uploads\/2026\/02\/Capture-decran-2026-02-25-a-11.56.22-300x300.png\" alt=\"Mat\u00e9riel filtration\" width=\"300\" height=\"300\" srcset=\"https:\/\/poolsparadise.fr\/wp-content\/uploads\/2026\/02\/Capture-decran-2026-02-25-a-11.56.22-300x300.png 300w, https:\/\/poolsparadise.fr\/wp-content\/uploads\/2026\/02\/Capture-decran-2026-02-25-a-11.56.22-150x150.png 150w, https:\/\/poolsparadise.fr\/wp-content\/uploads\/2026\/02\/Capture-decran-2026-02-25-a-11.56.22-100x100.png 100w\" sizes=\"(max-width: 300px) 100vw, 300px\" \/>\t\t<h2 class=\"woocommerce-loop-category__title\">\n\t\t\tMat\u00e9riel filtration <mark class=\"count\">(6)<\/mark>\t\t<\/h2>\n\t\t<\/a><\/li>\n<li class=\"product-category product\">\n\t<a aria-label=\"Acc\u00e9der \u00e0 la cat\u00e9gorie de produits Produits d&#039;analyse\" href=\"https:\/\/poolsparadise.fr\/?product_cat=produits-danalyse-piscine\"><img decoding=\"async\" src=\"https:\/\/poolsparadise.fr\/wp-content\/uploads\/2026\/02\/Capture-decran-2026-02-25-a-11.57.19-300x300.png\" alt=\"Produits d&#039;analyse\" width=\"300\" height=\"300\" srcset=\"https:\/\/poolsparadise.fr\/wp-content\/uploads\/2026\/02\/Capture-decran-2026-02-25-a-11.57.19-300x300.png 300w, https:\/\/poolsparadise.fr\/wp-content\/uploads\/2026\/02\/Capture-decran-2026-02-25-a-11.57.19-150x150.png 150w, https:\/\/poolsparadise.fr\/wp-content\/uploads\/2026\/02\/Capture-decran-2026-02-25-a-11.57.19-100x100.png 100w\" sizes=\"(max-width: 300px) 100vw, 300px\" \/>\t\t<h2 class=\"woocommerce-loop-category__title\">\n\t\t\tProduits d&#039;analyse <mark class=\"count\">(3)<\/mark>\t\t<\/h2>\n\t\t<\/a><\/li>\n<li class=\"product-category product last\">\n\t<a aria-label=\"Acc\u00e9der \u00e0 la cat\u00e9gorie de produits Produits piscine\" href=\"https:\/\/poolsparadise.fr\/?product_cat=non-classe\"><img loading=\"lazy\" decoding=\"async\" src=\"https:\/\/poolsparadise.fr\/wp-content\/uploads\/2026\/02\/3-300x300.png\" alt=\"Produits piscine\" width=\"300\" height=\"300\" srcset=\"https:\/\/poolsparadise.fr\/wp-content\/uploads\/2026\/02\/3-300x300.png 300w, https:\/\/poolsparadise.fr\/wp-content\/uploads\/2026\/02\/3-150x150.png 150w, https:\/\/poolsparadise.fr\/wp-content\/uploads\/2026\/02\/3-100x100.png 100w\" sizes=\"(max-width: 300px) 100vw, 300px\" \/>\t\t<h2 class=\"woocommerce-loop-category__title\">\n\t\t\tProduits piscine <mark class=\"count\">(15)<\/mark>\t\t<\/h2>\n\t\t<\/a><\/li>\n<\/ul>\n<\/div><\/div>\n\t\t\t\t\t\t<\/div>\n\t\t\t\t<div class=\"elementor-element elementor-element-443b845 elementor-widget elementor-widget-html\" data-id=\"443b845\" data-element_type=\"widget\" data-widget_type=\"html.default\">\n\t\t\t\t\t<script>\ndocument.addEventListener('click', function(e) {\n    \/\/ On cherche si l'\u00e9l\u00e9ment cliqu\u00e9 (ou son parent) est le lien vers l'ancienne cat\u00e9gorie\n    var link = e.target.closest('a[href*=\"product_cat=accessoires-piscines\"]');\n    \n    if (link) {\n        e.preventDefault(); \/\/ On emp\u00eache l'ouverture du mauvais lien\n        window.location.href = \"https:\/\/poolsparadise.fr\/?page_id=1826\"; \/\/ On redirige vers la bonne page\n    }\n}, true);\n<\/script>\t\t\t\t<\/div>\n\t\t\t\t<div class=\"elementor-element elementor-element-8be841a elementor-widget elementor-widget-html\" data-id=\"8be841a\" data-element_type=\"widget\" data-widget_type=\"html.default\">\n\t\t\t\t\t<style>\n.woocommerce ul.products li.product-category h2 .count {\n    display: none !important;\n}\n<\/style>\t\t\t\t<\/div>\n\t\t\t\t<div class=\"elementor-element elementor-element-3f6fd59 elementor-widget elementor-widget-html\" data-id=\"3f6fd59\" data-element_type=\"widget\" data-widget_type=\"html.default\">\n\t\t\t\t\t<style>\n\n\/* TITRES CATEGORIES *\/\n.woocommerce ul.products li.product-category h2 {\n    text-align: center !important;\n    color: #1c4389 !important;\n    font-weight: 600 !important;\n    transition: 0.3s ease;\n}\n\n\/* HOVER TITRE *\/\n.woocommerce ul.products li.product-category h2:hover {\n    color: #fac140 !important;\n}\n\n\/* IMAGES ARRONDIES *\/\n.woocommerce ul.products li.product-category img {\n    border-radius: 20px !important;\n    transition: 0.3s ease;\n}\n\n\/* EFFET HOVER IMAGE *\/\n.woocommerce ul.products li.product-category:hover img {\n    transform: scale(1.05);\n}\n\n\/* CENTRER LA CARTE *\/\n.woocommerce ul.products li.product-category {\n    text-align: center;\n}\n\n<\/style><style>\n.woocommerce ul.products li.product-category {\n    background: #fff;\n    padding: 15px;\n    border-radius: 20px;\n    box-shadow: 0 8px 25px rgba(0,0,0,0.08);\n}\n<\/style>\t\t\t\t<\/div>\n\t\t\t\t\t<\/div>\n\t\t\t\t<\/div>\n\t\t<div class=\"elementor-element elementor-element-2484b37 e-flex e-con-boxed e-con e-parent\" data-id=\"2484b37\" data-element_type=\"container\">\n\t\t\t\t\t<div class=\"e-con-inner\">\n\t\t\t\t<div class=\"elementor-element elementor-element-f7b6ed5 elementor-widget elementor-widget-html\" data-id=\"f7b6ed5\" data-element_type=\"widget\" data-widget_type=\"html.default\">\n\t\t\t\t\t<script>\ndocument.addEventListener('click', function(e) {\n    \/\/ On d\u00e9finit la liste des redirections (Ancien lien -> Nouveau lien)\n    var redirections = {\n        \"product_cat=accessoires-piscines\": \"https:\/\/poolsparadise.fr\/?page_id=1826\",\n        \"product_cat=materiel-filtration\": \"https:\/\/poolsparadise.fr\/?page_id=1840\",\n        \"product_cat=produits-danalyse-piscine\": \"https:\/\/poolsparadise.fr\/?page_id=1846\",\n        \"product_cat=non-classe\": \"https:\/\/poolsparadise.fr\/?page_id=1834\"\n    };\n\n    \/\/ On cherche si l'\u00e9l\u00e9ment cliqu\u00e9 est un lien vers une de ces cat\u00e9gories\n    var anchor = e.target.closest('a');\n    if (anchor && anchor.href) {\n        for (var key in redirections) {\n            if (anchor.href.indexOf(key) !== -1) {\n                e.preventDefault(); \/\/ On stop l'ouverture de l'ancienne page\n                window.location.href = redirections[key]; \/\/ On dirige vers la nouvelle\n                return;\n            }\n        }\n    }\n}, true);\n<\/script>\t\t\t\t<\/div>\n\t\t\t\t\t<\/div>\n\t\t\t\t<\/div>\n\t\t\t\t<\/div>\n\t\t","protected":false},"excerpt":{"rendered":"<p>Tout pour votre piscine, au m\u00eame endroit D\u00e9couvrez notre s\u00e9lection d\u2019\u00e9quipements, accessoires et produits d\u2019entretien soigneusement choisis pour garantir la performance, la s\u00e9curit\u00e9 et la long\u00e9vit\u00e9 de votre piscine.<\/p>\n","protected":false},"author":1,"featured_media":0,"parent":0,"menu_order":0,"comment_status":"closed","ping_status":"closed","template":"","meta":{"footnotes":""},"class_list":["post-1185","page","type-page","status-publish","hentry"],"yoast_head":"<!-- This site is optimized with the Yoast SEO plugin v26.8 - https:\/\/yoast.com\/product\/yoast-seo-wordpress\/ -->\n<title>Nos produits - Pools Paradise<\/title>\n<meta name=\"robots\" content=\"index, follow, max-snippet:-1, max-image-preview:large, max-video-preview:-1\" \/>\n<link rel=\"canonical\" href=\"https:\/\/poolsparadise.fr\/?page_id=1185\" \/>\n<meta property=\"og:locale\" content=\"fr_FR\" \/>\n<meta property=\"og:type\" content=\"article\" \/>\n<meta property=\"og:title\" content=\"Nos produits - Pools Paradise\" \/>\n<meta property=\"og:description\" content=\"Tout pour votre piscine, au m\u00eame endroit D\u00e9couvrez notre s\u00e9lection d\u2019\u00e9quipements, accessoires et produits d\u2019entretien soigneusement choisis pour garantir la performance, la s\u00e9curit\u00e9 et la long\u00e9vit\u00e9 de votre piscine.\" \/>\n<meta property=\"og:url\" content=\"https:\/\/poolsparadise.fr\/?page_id=1185\" \/>\n<meta property=\"og:site_name\" content=\"Pools Paradise\" \/>\n<meta property=\"article:modified_time\" content=\"2026-02-25T14:12:40+00:00\" \/>\n<meta name=\"twitter:card\" content=\"summary_large_image\" \/>\n<meta name=\"twitter:label1\" content=\"Dur\u00e9e de lecture estim\u00e9e\" \/>\n\t<meta name=\"twitter:data1\" content=\"3 minutes\" \/>\n<script type=\"application\/ld+json\" class=\"yoast-schema-graph\">{\"@context\":\"https:\/\/schema.org\",\"@graph\":[{\"@type\":\"WebPage\",\"@id\":\"https:\/\/poolsparadise.fr\/?page_id=1185\",\"url\":\"https:\/\/poolsparadise.fr\/?page_id=1185\",\"name\":\"Nos produits - Pools Paradise\",\"isPartOf\":{\"@id\":\"https:\/\/poolsparadise.fr\/#website\"},\"datePublished\":\"2026-02-17T13:40:16+00:00\",\"dateModified\":\"2026-02-25T14:12:40+00:00\",\"breadcrumb\":{\"@id\":\"https:\/\/poolsparadise.fr\/?page_id=1185#breadcrumb\"},\"inLanguage\":\"fr-FR\",\"potentialAction\":[{\"@type\":\"ReadAction\",\"target\":[\"https:\/\/poolsparadise.fr\/?page_id=1185\"]}]},{\"@type\":\"BreadcrumbList\",\"@id\":\"https:\/\/poolsparadise.fr\/?page_id=1185#breadcrumb\",\"itemListElement\":[{\"@type\":\"ListItem\",\"position\":1,\"name\":\"Accueil\",\"item\":\"https:\/\/poolsparadise.fr\/\"},{\"@type\":\"ListItem\",\"position\":2,\"name\":\"Nos produits\"}]},{\"@type\":\"WebSite\",\"@id\":\"https:\/\/poolsparadise.fr\/#website\",\"url\":\"https:\/\/poolsparadise.fr\/\",\"name\":\"Pools Paradise\",\"description\":\"\",\"publisher\":{\"@id\":\"https:\/\/poolsparadise.fr\/#organization\"},\"potentialAction\":[{\"@type\":\"SearchAction\",\"target\":{\"@type\":\"EntryPoint\",\"urlTemplate\":\"https:\/\/poolsparadise.fr\/?s={search_term_string}\"},\"query-input\":{\"@type\":\"PropertyValueSpecification\",\"valueRequired\":true,\"valueName\":\"search_term_string\"}}],\"inLanguage\":\"fr-FR\"},{\"@type\":\"Organization\",\"@id\":\"https:\/\/poolsparadise.fr\/#organization\",\"name\":\"Pools Paradise\",\"url\":\"https:\/\/poolsparadise.fr\/\",\"logo\":{\"@type\":\"ImageObject\",\"inLanguage\":\"fr-FR\",\"@id\":\"https:\/\/poolsparadise.fr\/#\/schema\/logo\/image\/\",\"url\":\"https:\/\/poolsparadise.fr\/wp-content\/uploads\/2026\/01\/LOGO-HD-TRANSPARENCE-1536x1262-1.png\",\"contentUrl\":\"https:\/\/poolsparadise.fr\/wp-content\/uploads\/2026\/01\/LOGO-HD-TRANSPARENCE-1536x1262-1.png\",\"width\":1536,\"height\":1262,\"caption\":\"Pools Paradise\"},\"image\":{\"@id\":\"https:\/\/poolsparadise.fr\/#\/schema\/logo\/image\/\"}}]}<\/script>\n<!-- \/ Yoast SEO plugin. -->","yoast_head_json":{"title":"Nos produits - Pools Paradise","robots":{"index":"index","follow":"follow","max-snippet":"max-snippet:-1","max-image-preview":"max-image-preview:large","max-video-preview":"max-video-preview:-1"},"canonical":"https:\/\/poolsparadise.fr\/?page_id=1185","og_locale":"fr_FR","og_type":"article","og_title":"Nos produits - Pools Paradise","og_description":"Tout pour votre piscine, au m\u00eame endroit D\u00e9couvrez notre s\u00e9lection d\u2019\u00e9quipements, accessoires et produits d\u2019entretien soigneusement choisis pour garantir la performance, la s\u00e9curit\u00e9 et la long\u00e9vit\u00e9 de votre piscine.","og_url":"https:\/\/poolsparadise.fr\/?page_id=1185","og_site_name":"Pools Paradise","article_modified_time":"2026-02-25T14:12:40+00:00","twitter_card":"summary_large_image","twitter_misc":{"Dur\u00e9e de lecture estim\u00e9e":"3 minutes"},"schema":{"@context":"https:\/\/schema.org","@graph":[{"@type":"WebPage","@id":"https:\/\/poolsparadise.fr\/?page_id=1185","url":"https:\/\/poolsparadise.fr\/?page_id=1185","name":"Nos produits - Pools Paradise","isPartOf":{"@id":"https:\/\/poolsparadise.fr\/#website"},"datePublished":"2026-02-17T13:40:16+00:00","dateModified":"2026-02-25T14:12:40+00:00","breadcrumb":{"@id":"https:\/\/poolsparadise.fr\/?page_id=1185#breadcrumb"},"inLanguage":"fr-FR","potentialAction":[{"@type":"ReadAction","target":["https:\/\/poolsparadise.fr\/?page_id=1185"]}]},{"@type":"BreadcrumbList","@id":"https:\/\/poolsparadise.fr\/?page_id=1185#breadcrumb","itemListElement":[{"@type":"ListItem","position":1,"name":"Accueil","item":"https:\/\/poolsparadise.fr\/"},{"@type":"ListItem","position":2,"name":"Nos produits"}]},{"@type":"WebSite","@id":"https:\/\/poolsparadise.fr\/#website","url":"https:\/\/poolsparadise.fr\/","name":"Pools Paradise","description":"","publisher":{"@id":"https:\/\/poolsparadise.fr\/#organization"},"potentialAction":[{"@type":"SearchAction","target":{"@type":"EntryPoint","urlTemplate":"https:\/\/poolsparadise.fr\/?s={search_term_string}"},"query-input":{"@type":"PropertyValueSpecification","valueRequired":true,"valueName":"search_term_string"}}],"inLanguage":"fr-FR"},{"@type":"Organization","@id":"https:\/\/poolsparadise.fr\/#organization","name":"Pools Paradise","url":"https:\/\/poolsparadise.fr\/","logo":{"@type":"ImageObject","inLanguage":"fr-FR","@id":"https:\/\/poolsparadise.fr\/#\/schema\/logo\/image\/","url":"https:\/\/poolsparadise.fr\/wp-content\/uploads\/2026\/01\/LOGO-HD-TRANSPARENCE-1536x1262-1.png","contentUrl":"https:\/\/poolsparadise.fr\/wp-content\/uploads\/2026\/01\/LOGO-HD-TRANSPARENCE-1536x1262-1.png","width":1536,"height":1262,"caption":"Pools Paradise"},"image":{"@id":"https:\/\/poolsparadise.fr\/#\/schema\/logo\/image\/"}}]}},"_links":{"self":[{"href":"https:\/\/poolsparadise.fr\/index.php?rest_route=\/wp\/v2\/pages\/1185","targetHints":{"allow":["GET"]}}],"collection":[{"href":"https:\/\/poolsparadise.fr\/index.php?rest_route=\/wp\/v2\/pages"}],"about":[{"href":"https:\/\/poolsparadise.fr\/index.php?rest_route=\/wp\/v2\/types\/page"}],"author":[{"embeddable":true,"href":"https:\/\/poolsparadise.fr\/index.php?rest_route=\/wp\/v2\/users\/1"}],"replies":[{"embeddable":true,"href":"https:\/\/poolsparadise.fr\/index.php?rest_route=%2Fwp%2Fv2%2Fcomments&post=1185"}],"version-history":[{"count":47,"href":"https:\/\/poolsparadise.fr\/index.php?rest_route=\/wp\/v2\/pages\/1185\/revisions"}],"predecessor-version":[{"id":1925,"href":"https:\/\/poolsparadise.fr\/index.php?rest_route=\/wp\/v2\/pages\/1185\/revisions\/1925"}],"wp:attachment":[{"href":"https:\/\/poolsparadise.fr\/index.php?rest_route=%2Fwp%2Fv2%2Fmedia&parent=1185"}],"curies":[{"name":"wp","href":"https:\/\/api.w.org\/{rel}","templated":true}]}}